16, what is 219 - -3d?
256
In base 13, what is 121a2 - 3?
1219c
In base 14, what is 3869 + -c?
385b
In base 16, what is 7f88a + 5?
7f88f
In base 13, what is 350 + -134?
219
In base 9, what is -56 + 6186?
6130
In base 9, what is -2 - -221275?
221273
In base 4, what is -221201 - -3?
-221132
In base 6, what is 2 + -5520231?
-5520225
In base 10, what is 57713 + 0?
57713
In base 15, what is -e9 + -428?
-522
In base 2, what is 10000110101110000 - 0?
10000110101110000
In base 9, what is -4 + -1830718?
-1830723
In base 3, what is 0 + -100101012?
-100101012
In base 12, what is 9331 - a1?
9250
In base 16, what is eca8 - -1?
eca9
In base 13, what is 19880 - -7?
19887
In base 8, what is 105222 + 1?
105223
In base 11, what is 646 - 25?
621
In base 10, what is 1 - -2181?
2182
In base 9, what is -4 - 81716?
-81721
In base 3, what is 1021 - 1120201?
-1112110
In base 13, what is -9c - 44?
-113
In base 4, what is -132300201 + 122?
-132300013
In base 12, what is 36 + -4688b?
-46855
In base 3, what is 1100101020202 + -2?
1100101020200
In base 9, what is -28821 - 4?
-28825
In base 15, what is 247c7 - -5?
247cc
In base 8, what is 4 - -20076?
20102
In base 14, what is 60 + -140?
-c0
In base 7, what is -4 + 112211?
112204
In base 16, what is 3e71 + -11?
3e60
In base 11, what is -2600 - 33?
-2633
In base 7, what is -3455 - -411?
-3044
In base 10, what is 2 + -553717?
-553715
In base 3, what is -1000002011000 + 20?
-1000002010210
In base 5, what is -14 - 1234334?
-1234403
In base 5, what is 1221144013 - 1?
1221144012
In base 11, what is -141 - 3a3?
-534
In base 7, what is 44616 + -15?
44601
In base 6, what is -30 - -30534?
30504
In base 10, what is 71 + 448?
519
In base 6, what is 114 + 143405?
143523
In base 5, what is -4 - -33114?
33110
In base 11, what is -274a9 - 9?
-27507
In base 12, what is -16b1 + 1?
-16b0
In base 8, what is -172472 - -4?
-172466
In base 16, what is -142c4 + 0?
-142c4
In base 2, what is 110 - -1110111100?
1111000010
In base 11, what is 4524 - -11?
4535
In base 15, what is -19d + -4?
-1a2
In base 15, what is 16 - -2d4?
2ea
In base 13, what is 4b998 + 3?
4b99b
In base 9, what is 486 + -36?
450
In base 4, what is -30030120 - -31?
-30030023
In base 16, what is -555 - -15b?
-3fa
In base 5, what is 13432 + -10403?
3024
In base 7, what is -3133451 - 3?
-3133454
In base 9, what is 3554 + 1356?
5021
In base 7, what is 621 + -52133?
-51212
In base 6, what is 52542 + 1003?
53545
In base 9, what is -845 + 6?
-838
In base 15, what is -249e + -1?
-24a0
In base 15, what is 5a + 583?
5dd
In base 12, what is -43 - -2200?
2179
In base 4, what is 20203 + 230300?
311103
In base 8, what is 7165 + -15?
7150
In base 12, what is -21014 + -4?
-21018
In base 11, what is 8 + -683913?
-683906
In base 9, what is -186542 - 4?
-186546
In base 5, what is -121432201 + -4?
-121432210
In base 4, what is 320 - 113212?
-112232
In base 7, what is 22 + 12020?
12042
In base 10, what is -10613 + 4?
-10609
In base 13, what is -5 - -21a793?
21a78b
In base 14, what is 2538 - -1c?
2556
In base 10, what is 123 + 35?
158
In base 15, what is 2b + 1955?
1981
In base 13, what is -15 + 37b4?
379c
In base 10, what is 4 - 770099?
-770095
In base 5, what is 140433 + -24?
140404
In base 7, what is 122664 + -51?
122613
In base 7, what is -5 - 15032002?
-15032010
In base 13, what is 2 + 15715?
15717
In base 5, what is 30342021 + 21?
30342042
In base 3, what is 12122 - 112120?
-22221
In base 15, what is -2 + 23c6?
23c4
In base 11, what is 0 - 120356?
-120356
In base 8, what is 5 + -27466?
-27461
In base 16, what is 2b + 1ec?
217
In base 14, what is -2 - 291a?
-291c
In base 7, what is -151 - 13545?
-14026
In base 7, what is 233 + -223?
10
In base 7, what is 225305 - 1?
225304
In base 5, what is 2 + 222320?
222322
In base 3, what is 11021202022 - 11?
11021202011
In base 10, what is 3597 - 12?
3585
In base 16, what is -5a3 + 7?
-59c
In base 4, what is 3 - 2202203131?
-2202203122
In base 16, what is 98 + 1922?
19ba
In base 9, what is 4 - -1512?
1516
In base 13, what is c4911 + -1?
c4910
In base 3, what is 101021 - -2211120?
10012211
In base 9, what is 32454 + 1?
32455
In base 11, what is 14 - 93803?
-9379a
In base 10, what is -5362 + 8?
-5354
In base 12, what is -b + 51569?
5155a
In base 11, what is 0 + 92182?
92182
In base 10, what is -5 + 38279?
38274
In base 14, what is b3 + 11d?
1d2
In base 11, what is 5 - -19880?
19885
In base 15, what is -4 + -6a5?
-6a9
In base 10, what is -1 + 234101?
234100
In base 5, what is 1334 + -4?
1330
In base 2, what is 1111111001 + 100101?
10000011110
In base 15, what is 19 + -725?
-70b
In base 16, what is -4 - -1d75?
1d71
In base 2, what is -111111011101000 - 0?
-111111011101000
In base 3, what is 2 + -120100002?
-120100000
In base 16, what is -f3ba + -34?
-f3ee
In base 12, what is -3 + 9579?
9576
In base 11, what is a - -300a?
3019
In base 7, what is -3215254 + -1?
-3215255
In base 9, what is 20 + 2813?
2833
In base 5, what is -124322330 - -10?
-124322320
In base 4, what is -1220310 + 1320?
-1212330
In base 12, what is a0 - 1742?
-1662
In base 7, what is 145463 - -35?
145531
In base 2, what is -101010110010 + -11100000?
-101110010010
In base 7, what is 30044 - 5?
30036
In base 8, what is -3 - -23666?
23663
In base 8, what is 21502 + 142?
21644
In base 4, what is 3 - -102030331?
102031000
In base 15, what is -863b + -2?
-863d
In base 3, what is 10111002021 - 10?
10111002011
In base 2, what is 11010011100 - -101010?
11011000110
In base 14, what is 2aad7 - 2?
2aad5
In base 2, what is 11001010101000100 - 1?
11001010101000011
In base 11, what is -40 - 1219?
-1259
In base 9, what is -124 - -35?
-78
In base 4, what is -12201330 + 20?
-12201310
In base 9, what is 14 + 11006?
11021
In base 14, what is 4d - -366?
3b5
In base 6, what is 31 - 51311?
-51240
In base 3, what is 1002012 + -11201?
220111
In base 5, what is 43 - -113333?
113431
In base 2, what is -10001100 + -110001111010?
-110100000110
In base 7, what is 0 + 42305?
42305
In base 10, what is -75 - -912?
837
In base 9, what is -806 - 3024?
-3831
In base 7, what is -6124 - 1002?
-10126
In base 10, what is 27130 - 82?
27048
In base 15, what is -367 - -120?
-247
In base 6, what is 12 + 22250?
22302
In base 5, what is -43033 + 11?
-43022
In base 14, what is -5 + -3b2d2?
-3b2d7
In base 8, what is -1 + 43421?
43420
In base 11, what is 3a - -52429?
52468
In base 4, what is 2 - 11031032?
-11031030
In base 2, what is 10001110100011101100 + -111?
10001110100011100101
In base 10, what is 6634 + -15?
6619
In base 15, what is -7 - 773a?
-7742
In base 3, what is -11 + 1102011022?
1102011011
In base 11, what is 795 + -273?
522
In base 4, what is -31 + 1022210001?
1022203310
In base 6, what is 5 - -34540524?
34540533
In base 5, what is 11 - 4124201?
-4124140
In base 9, what is -20 + -11014?
-11034
In base 12, what is -1 - 135a8?
-135a9
In base 5, what is -4 - 423124?
-423133
In base 10, what is -1 + -1064366?
-1064367
In base 9, what is 14 - -27618?
27633
In base 11, what is -906a3 + 58?
-90646
In base 9, what is -4 - -5630?
5625
In base 3, what is 0 + 112221210020?
112221210020
In base 15, what is -651 + -1d2?
-833
In base 7, what is 63526026 + 5?
63526034
In base 12, what is 24 - 72b00?
-72a98
In base 10, what is -1 + -154872?
-154873
In base 8, what is 0 + -265751?
-265751
In base 14, what is 3c - 21c?
-1c0
In base 3, what is 111102 + -221101?
-102222
In base 4, what is -21 - 301031110?
-301031131
In base 11, what is 10 - -20603?
20613
In base 10, what is 538 - 48?
490
In base 3, what is 2 + -1200111100111?
-1200111100102
In base 7, what is -3 - 44351?
-44354
In base 12, what is 3a7a2 - 5?
3a799
In base 6, what is -20400423 + 2?
-20400421
In base 6, what is -211 + -3533?
-4144
In base 3, what is 10 + 110012102210?
110012102220
In base 14, what is -472571 - 1?
-472572
In base 10, what is 33950 + -1?
33949
In base 10, what is 44 + 249?
293
In base 12, what is -1118b - 7?
-11196
In base 13, what is -1025 - 3c?
-1064
In base 14, what is -1922 - -8?
-1918
In base 16, what is -75ae + -5?
-75b3
In base 9, what is 88262 + -43?
88218
In base 13, what is -57b + -14?
-592
In base 7, what is 5211 - -1144?
6355
In base 14, what is 986 - 38?
94c
In base 11, what is 37 - -23274?
23300
In base 12, what is 8030a + -1?
80309
In base 6, what is 3 - 1